ate l(-5).
-13
Suppose 4*c - 45 = 5*m, c - 3*m - 10 = -2*m. Suppose -c*k + 0*k - 25 = 0. Let y(t) = -t**3 - 5*t**2 - 2*t - 3. Give y(k).
7
Suppose 5*j = -2*r - 3, 5*j = r + j - 18. Let o(d) = -d**2 - 5*d - 5. Let z(n) = 3*n**2 + 10*n + 9. Let f(i) = 5*o(i) + 2*z(i). What is f(r)?
-1
Let j(z) = -2*z**2 - 7*z - 5. Suppose 2*d = -8, -2*n - 3*n - 5*d = 40. Determine j(n).
-9
Let g(j) be the second derivative of j**4/12 + 3*j**2/2 - 16*j. Let k = 3 + -3. Calculate g(k).
3
Let x(j) = j**2 + 4*j - 4. Let f(z) = -z - 4. Let b(q) = 1. Let a(c) = 4*b(c) - f(c). Let u be a(-12). What is x(u)?
-4
Let v be 0/2*(-8)/(-24). Suppose 3*t - 4 - 5 = 0. Let h(j) = -6 + j + 4 + j**t - 1. Calculate h(v).
-3
Let l be (1 - 0 - 3) + 2. Let i be l/(-1) + -5 + 2. Let c(a) = a - 1. Give c(i).
-4
Let u(p) be the third derivative of 1/60*p**5 + 0 + 1/4*p**4 + 5*p**2 + 1/6*p**3 + 0*p. Calculate u(-3).
-8
Let n(k) = -3*k**2 - 7*k - 2. Let v(g) = 13*g**2 + 28*g + 7. Let u(d) = -9*n(d) - 2*v(d). Suppose 0 = c - 5*w, 2*w + 14 = -4*c - 8. Calculate u(c).
-6
Let b(i) be the third derivative of -i**6/120 + i**5/60 + i**3/6 + 15*i**2. Calculate b(2).
-3
Let m(u) = 3*u**3 + 1. Let l = 25 - 15. Let s be ((-12)/l)/(4/(-10)). Suppose -2 = p - s*p. Determine m(p).
4
Let q be ((1 + 0)/1)/(-1). Let v(w) = 13*w**3. Determine v(q).
-13
Let o(y) = -4*y + 1. Let q be (2 - 3)*(-7 + 1). Calculate o(q).
-23
Suppose -14 = -5*t - 3*s + s, 18 = 5*t + 4*s. Suppose 0 = 4*m - 0*m, -4*m = -3*p. Let d(a) = 0*a + 4*a**2 - t + p*a + a**3. What is d(-3)?
7
Let u(z) be the third derivative of z**5/60 - z**4/12 + z**3/6 - z**2. Let g be (3 - 4 - 1) + 3. Determine u(g).
0
Suppose 4*t = -4*u, -8*t - u + 4 = -5*t. Let x(v) = -t*v**2 + 6 + 3*v**2 + 3*v + 4*v. Let f = -8 + 4. What is x(f)?
-6
Let f = -1 - -3. Let n = -4 + 6. Let w(b) = -b - n + b + b**2 - b. What is w(f)?
0
Let w(q) be the second derivative of -q**5/60 + q**4/6 - q**3/6 + q. Let k(x) be the second derivative of w(x). Determine k(4).
-4
Suppose 2*z - 4*a = -0*a + 8, -3*z - 2*a = 20. Suppose 14 = 2*f + 5*j, -3*f - 2*f + 5*j = 0. Let y(n) = -4*n**2 + f*n**2 - 1 - 5 - 7*n. Calculate y(z).
-10
Let g(i) be the third derivative of i**4/12 + 3*i**3/2 - 25*i**2. Give g(-7).
-5
Let m(o) = -4*o**3 + o + 1. Let y(k) = k**3 - 11*k**2 - 12*k - 1. Let r be y(12). What is m(r)?
4
Let x(v) = -v + 13*v**2 - 10*v**2 - 8*v**2. What is x(-2)?
-18
Suppose q - 10 = -4*q. Suppose 2 + 10 = q*h. Let f(u) = -1 + h + u - 1. What is f(0)?
4
Let w be 3 + -5 - -3 - 15/5. Let h(c) = 3*c**3 + 3*c**2 + c + 1. What is h(w)?
-13
Let h(t) = -t**2 - 9*t + 29. Let x be h(-12). Let g(a) = 6*a - 5 + 4*a**2 - 3*a**2 + 0*a**2. Calculate g(x).
2
Suppose 4*j - 5*s = -11, -5*j = -9*j - s + 7. Let f(m) = -21*m**2 - m + 1. Calculate f(j).
-21
Let i = -15 - -15. Let s(r) be the second derivative of -r**6/120 + r**4/24 - r**3 + r**2/2 - r. Let y(h) be the first derivative of s(h). What is y(i)?
-6
Let r(h) = -h**2 + 5*h + 1. Let m(u) = -u**2 + 10*u - 5. Let v be m(9). Suppose 4*o - t + 2*t = 23, -v*t = 3*o - 14. Give r(o).
-5
Let z(i) be the second derivative of i**3/6 - i. Suppose 5*d - 9 - 12 = -3*k, -4*d + 4*k = -36. Determine z(d).
6
Let d(c) = -c + 1. Let x = -12 - -21. Let h = x - 9. Suppose 0*i + 4*i = 2*u + 18, 2*i + 5*u - 3 = h. Determine d(i).
-3
Let v(f) = -f - 7. Let n = -19 - -9. What is v(n)?
3
Let w(i) = -i - 8*i + 8*i - 5 - 1. What is w(-5)?
-1
Let f(o) = 6*o + 1. Let l(p) = -3*p. Let x(t) = -4*f(t) - 10*l(t). Let b(h) = -5*h + 4. Let r(u) = 7*b(u) + 6*x(u). Determine r(-5).
-1
Let l(j) be the first derivative of -j**3/3 + 3*j**2 - 8*j - 10. Give l(7).
-15
Let y be (-3)/2*16/(-12). Let u(a) = -5 + 1 - y*a + 0*a + a**2 + 1. Calculate u(4).
5
Let l = 50 + -25. Suppose -4*r + l = 1. Let c(h) = -h + 11. Give c(r).
5
Let t(a) be the second derivative of -a**5/20 + a**4/4 + 2*a**3/3 + a**2/2 + 22*a. Give t(4).
1
Let m be 3*3*(-3)/9 - -5. Let u(v) = -8*v**2 + 3*v - 1. Determine u(m).
-27
Let n be -2 - 1*6/(-3). Suppose -3*f + n*f = 0. Suppose 2*j = 5*v - f*j - 1, -2*j = 3*v - 7. Let i(r) = -4*r. Give i(v).
-4
Let a be 12/(-2) - ((-49)/7 + 5). Let x(r) = -2*r + 4. What is x(a)?
12
Let f(z) = -z**3 + 2*z**2 + 3*z - 2. Let l be (28 - 1)*2/6. Let x be (6/l)/(4/18). Calculate f(x).
-2
Let d(w) = -2*w - 12. Let l be 36/60 - 43/5. Calculate d(l).
4
Let u(a) = a + 4. Let y = 12 - 7. Let g = y - 1. Let c = g + 0. Give u(c).
8
Let q(m) = m**2 + 3*m - 7. Suppose -5*a = -1 - 9. Suppose 2*b + 4*z - 14 = 0, -a*b - 3*z + 7*z - 2 = 0. Suppose -b*s + s - 10 = 0. Calculate q(s).
3
Suppose -t = -4*t + 9. Let a(w) = -w**2 - w**2 + 7 + 5*w + t*w**2. Give a(-5).
7
Let b(h) = -h**3 - 2*h**2 + 3*h + 4. Suppose -45*o + 15 = -50*o. Give b(o).
4
Suppose -2*s = -l - 10, -s - 2*s = -3*l - 15. Suppose 2*k = -2*j - 6, -j + 0*j - 3 = -4*k. Let c(m) = k*m - 8 - 2*m + 3*m. Give c(l).
-8
Let t = 4 - 1. Let z(w) = 5*w - 2*w - t - 4*w - 4. Determine z(0).
-7
Suppose -m + 7 = -2*h, 0*m - 5 = -m + 3*h. Let g(i) = -i**3 + 10*i**2 + 10*i + 6. Give g(m).
-5
Let a(g) = g**2 + 8*g + 9. Let y be a(-7). Let l(b) = -5 + 3 + 7*b**2 - 2*b**y + b - b**3 - 1. Calculate l(5).
2
Let n(m) = -m - 1. Suppose -5*w + 2*x = 19, -w - 10 = w - 2*x. Let k be n(w). Let q(y) = -y**2 + y - 1. What is q(k)?
-3
Let k(o) = -7*o + 1. Let b be k(-1). Let u = -15 - -24. Let q(i) = 5 + b*i - 3*i + i**2 - u. Determine q(-5).
-4
Let f = -1 + 4. Suppose f = -c + 4*c. Let d(q) = 8*q**3 - q**2 + q. What is d(c)?
8
Suppose 2*y + 3*g - 2 = y, 4*g - 4 = 0. Let t(x) = -4*x**2 + 4*x + 1. Let p(f) = -7*f**2 + 7*f + 2. Let m(h) = 3*p(h) - 5*t(h). Give m(y).
-1
Let y(i) be the second derivative of -i**3/2 + 2*i. Suppose -5*h + h = -8. Calculate y(h).
-6
Let m(k) = 0 + 26*k - 1 - 4*k**2 - 24*k. Determine m(2).
-13
Let i(d) = -d**2 - 3*d + 1. Let q = 10 - 14. Calculate i(q).
-3
Let k(c) = -7*c**2 + 2*c - 1. Let n = -18 - -18. Suppose 3*p + p - 4 = n. Give k(p).
-6
Let i(d) = -d**2 - 6*d - 3. Let r be (5 - (-7)/(-2))*8/(-3). Calculate i(r).
5
Let b be 9 - (3/(-3) - 0). Let l(d) = b*d - 5*d + 5 + 3*d**2 - 2*d**2 + 2*d. Determine l(-5).
-5
Suppose 0 = 5*b - 7*d + 3*d - 21, 0 = 5*b - 5*d - 25. Let y = 2 + b. Let l(c) = y + 3*c - c**3 + 0*c**3 - 2*c**2 + 0*c**2 + c. Determine l(-3).
0
Let q(l) = 12*l. Let y be q(1). Suppose 4 = -4*s - y. Let i(g) = -g**3 - 5*g**2 - 5*g - 4. Determine i(s).
0
Let r(y) = -y**3 + 4*y**2. Let k be r(4). Suppose 2*b + k - 2 = 0. Let i(a) = 3*a + 2*a + a. Calculate i(b).
6
Suppose 3*c - 7*c - 4 = 0. Let p(i) be the third derivative of -i**6/60 + i**4/24 + 13*i**2. What is p(c)?
1
Let a(i) be the second derivative of i**4/12 + 4*i**3/3 - 2*i**2 - 10*i. Give a(-8).
-4
Suppose 5*a = 2*a. Let g(n) = -4*n**2 + 5 + a*n + 2*n - 1 - n**3. Give g(-4).
-4
Let j(o) be the third derivative of o**8/20160 + o**7/5040 - 7*o**6/720 - o**5/15 - 2*o**2. Let q(f) be the third derivative of j(f). Give q(0).
-7
Let d be -3 + (1 - (-6 + 2)). Let i(o) = 39*o**2 + 3 - 40*o**d + 7. Determine i(0).
10
Let x(a) = a**3 - 5*a**2 - a + 5. Let r = 8 + -3. What is x(r)?
0
Let t be (-2 - 1) + 5 - -3. Let a(s) = -6*s**2 + s - t + 6 - s. Determine a(1).
-5
Let w(n) = n**3 - 3*n**2 + 4*n - 4. Let y(t) be the third derivative of -t**4/24 - t**3/6 - 2*t**2. Let a = -26 + 22. Let g be y(a). What is w(g)?
8
Let a = -6 + 9. Let l = a - 2. Let y(h) = 5*h**2 + 1. What is y(l)?
6
Let c(d) be the second derivative of -d**4/12 - 5*d**3/6 + 5*d**2/2 - 9*d - 1. Calculate c(-5).
5
Let x(d) = 2*d - 8. Suppose -g + 3*a + 7 = -11, -3*a = 12. Determine x(g).
4
Suppose 4 = -40*p + 36*p. Let b(f) = -f. Let j(n) = -2*n. Let o(d) = 3*b(d) - j(d). Determine o(p).
1
Let r(t) be the third derivative of -t**5/60 + t**4/4 + 3*t**3/2 + 5*t**2. What is r(8)?
-7
Let p(h) = -5 - 3*h + 3 + 0 - 4. Let s = 7 - 11. Calculate p(s).
6
Let l be -4 + (-1 - -3) + 5. Let s(w) = 4*w**2 - 1 + 5*w**l - 3*w**2 + w**2. Suppose f + 3 = -2*f. Calculate s(f).
-4
Let q be (-5)/(-4)*2*2. Let v be 0*(q/(-2))/5. Let k(f) = f + 2. What is k(v)?
2
Let a = 34 - 32. Let o(v) = v**3 - 3*v**2 - 2*v + 3. Give o(a).
-5
Let j(w) = w**3 + w**2 + w + 1. Let a(z) = 6*z**3 + 8*z + 6. Let i(x) = a(x) - 5*j(x). Determine i(3).
-8
Let n = -24 + 38. Suppose 2*y = -0*y + 2*m - n, 3*y + 31 = 5*m. Let c(g) = -g. Calculate c(y).
2
Let o(q) = -3*q - 12